inder when 122 is divided by m(t).
38
Suppose -3586 = -3*g - 2*p, 0*p + 3*p + 2356 = 2*g. Calculate the remainder when g is divided by 19.
12
Suppose 0 = -3*n - 12. Suppose -6*r + 79 = 55. What is the remainder when 143 is divided by 2*-1 - (r - (n - -46))?
35
Suppose -u - d = 68 - 75, 5*u + d - 43 = 0. Suppose 0 = -2*q - 3*q + 110. What is the remainder when q is divided by u?
4
Let n(z) = -z**3 + 34*z**2 - 31*z - 11. Suppose 5*f - i - 133 = f, 0 = -4*i - 4. Calculate the remainder when 657 is divided by n(f).
52
Let v be (486/(3 + -12))/(3/4). What is the remainder when 87 is divided by ((-90)/(-8))/(v/(-192))?
27
What is the remainder when 4151 is divided by 25254/366 + 1*(-1 + -1)?
64
Suppose 0 = -179*k + 178*k + 54. Calculate the remainder when 1401 is divided by k.
51
Let r(x) = -x**3 - x**2 + 5*x + 3. Let l be 0 + -4 - (-2)/2. Let g be r(l). Calculate the remainder when (12/10)/(g/45) is divided by 4.
1
Let l(n) = -2*n**2 + 57*n + 24. Suppose 4*a - w = 66 + 43, 4*w - 50 = -2*a. What is the remainder when l(a) is divided by 36?
33
Suppose 1416*f - 1374*f - 8988 = 0. Calculate the remainder when f is divided by 89.
36
Let x(o) = -37*o + 286. Calculate the remainder when 1217 is divided by x(3).
167
Let m(z) = -5*z**2 + z**3 + 3*z - 18 - 4*z**2 + 4*z**2. Let r be m(5). Calculate the remainder when (12 + r)/(3/21) is divided by 16.
15
Let m(a) = a**3 - 6*a**2 - 3*a + 37. Let y be (-230)/(-35) + (-24)/42. What is the remainder when 54 is divided by m(y)?
16
Let o be (1 - -20) + (8 - 12). Suppose -4 = -19*j + o*j. Calculate the remainder when 18 is divided by 4/(4 + (-8)/3) + j.
3
Let d(l) = -2*l**2 + 165*l - 298. Calculate the remainder when d(77) is divided by 46.
43
Suppose 0 = -4*a + 4*d + 2628, 5*a - 4*d - 1079 = 2223. Suppose -4*k = k - 2*x - 125, k - 2 = 5*x. What is the remainder when a is divided by k?
26
Let w(t) = 12*t - 8. Let h be w(3). Suppose -226 = -h*a + 390. What is the remainder when (-625)/(-15) + 2/6 is divided by a?
20
Let p(o) = -o**2 - 13*o + 4. Let m be p(-13). Suppose -75 = -m*s - 3. Suppose -2*u + s = -42. Calculate the remainder when 116 is divided by u.
26
Let b = -2 - -18. Let a(r) = 16*r - 24. Let q be a(8). Suppose -q = -6*j + 172. Calculate the remainder when j is divided by b.
14
Suppose -1099*m + 42347 = -1052*m. Calculate the remainder when m is divided by 100.
1
Let c(o) = 17*o + 54*o**2 - 16*o - 143*o**3 - 56*o**2 + 3. What is the remainder when c(-1) is divided by 43?
14
Let i = 18847 + -18801. Calculate the remainder when 3665 is divided by i.
31
What is the remainder when 3669 is divided by (-18366)/(-135) - (-38)/(-855)?
133
Let d(c) = 2*c - 2*c + 3 - 8*c - 2*c**2. Let l be d(-4). Suppose -5*i - 3*m + 30 = m, -i + 25 = -l*m. Calculate the remainder when 57 is divided by i.
7
Suppose 3*y = -12*y + 165. Suppose -b + 2*v = -10, -25 = -2*b + y*v - 8*v. Calculate the remainder when 399 is divided by b.
19
Suppose -408 = -2*z - 4*r, -2*z - 2*r = -5*r - 401. What is the remainder when z is divided by 91?
20
Suppose 5*v = -5 - 5, -3*u - 5*v = 4. Suppose -2*w + u*k + 0*k = -326, -4*w + 616 = 5*k. Let q = w - 74. Calculate the remainder when q is divided by 43.
42
Suppose -i + 1438 = -5*z - 527, 5*i - z = 9873. Suppose 13*s - 16*s = -2*o + i, 3948 = 4*o - 4*s. Calculate the remainder when o is divided by 76.
74
Let t = 820 - 1175. Let o = t + 364. What is the remainder when 44 is divided by o?
8
Suppose -4*x + s = -s - 82, 0 = -x + 5*s + 43. Let f = -77 - -108. Suppose 4*y - f = -11. What is the remainder when x is divided by y?
3
Suppose 15358 + 8801 = 324*p + 6015. Calculate the remainder when 199 is divided by p.
31
Let r(t) = 211*t - 1107. Calculate the remainder when r(8) is divided by 103.
66
Suppose -3*n - 1046 = -5*u, u = -3*u - 2*n + 828. Suppose 4*z + 156 = u. What is the remainder when 153 is divided by z?
10
Let b = 65 + -37. Calculate the remainder when ((-8)/(-12))/(4/107) + 37/222 is divided by b*((-2)/(-4) + 0).
4
Suppose 133 = 3*p - w, p + w = -3*w + 27. Suppose -p = 7*s - 120. Let y(z) = 2*z - 8. What is the remainder when s is divided by y(8)?
3
Suppose 3*l + 110 = 3*k - 97, 4*l = k - 81. Suppose -5*p - 734 = -3*y, 738*y = 734*y + 4*p + 1000. What is the remainder when y is divided by k?
63
Let o = 2083 - 2068. Let r(p) = -p**3 - 7*p**2 + 8*p + 9. Let n = -14 - -6. Calculate the remainder when o is divided by r(n).
6
Calculate the remainder when 18/42 - (484/(-14) + 0) is divided by 6 - 21/(42/(-6)).
8
Let d(c) = -8*c**3 - 7*c**2 - 13*c + 2. What is the remainder when 439 is divided by d(-2)?
55
Let q = 16694 - 16619. Let s(o) = 6*o - 4. What is the remainder when q is divided by s(5)?
23
Let m(h) = -176*h + 21. What is the remainder when 6129 is divided by m(0)?
18
Let t be (-158)/(-1343) - 132/(-34). Suppose -3*m + 161 = t*z - 101, 3*z = 3*m + 207. What is the remainder when 327 is divided by z?
59
Let z(w) = 8*w + 112. Let x be z(-14). Let c = 10 + -8. What is the remainder when x + 2/c + 37 is divided by 11?
5
Suppose 0 = 5*h + 5*a - 9*a - 1595, 5*a + 298 = h. Let u(b) = 27*b**3 - 18*b**2 + 87*b - 69. What is the remainder when h is divided by u(1)?
26
Suppose 0 = -11*w + 196*w - 827 - 11753. Calculate the remainder when 2991 is divided by w.
67
Suppose 252*t - 242*t - 600 = 0. Suppose -1 = -4*l + 7. Suppose 5*c - l*u = 111, -c - c - 4*u = -54. Calculate the remainder when t is divided by c.
14
Let b(r) be the third derivative of -r**4/3 + 7*r**3/6 - 22*r**2. Suppose -3*j = -6*j + 6. Calculate the remainder when b(0) is divided by j.
1
Let u = 91102 - 91074. Suppose -5*p + 219 = -301. What is the remainder when p is divided by u?
20
Let j = -27 + 25. What is the remainder when (j/4 - -1)/((-15)/(-2430)) is divided by 23?
12
Suppose j + 3*i - 105 = 0, -201 = 932*j - 934*j + 3*i. Let u(a) = -7*a. What is the remainder when j is divided by u(-5)?
32
Let i(g) = -6*g**2 - 152*g - 83. What is the remainder when i(-23) is divided by 36?
23
Let h be 2/(-4)*-2 - 3. Let o(y) = 17*y - 5. Calculate the remainder when o(2) is divided by h + 44/6 - 20/(-30).
5
Let s(d) = d**3 - 9*d**2 - 8*d + 2279. Calculate the remainder when s(0) is divided by 127.
120
Calculate the remainder when 10 + 3562/27 + 34/459 is divided by 15.
7
Suppose -16*i - 288 = -22*i. Suppose 0 = -8*r + 12*r - i. What is the remainder when r is divided by 5?
2
Let q = -127 + 480. Let i = -340 + q. Calculate the remainder when 19 is divided by i.
6
Suppose -5*v = 14*v - 1159. Suppose 10*s - v = 29. Calculate the remainder when s is divided by 7.
2
Let l be 15 - 4 - 8/(-2). Suppose 216 = -38*a + 42*a. Calculate the remainder when a is divided by l*(0 - (-4)/3).
14
Let z(r) = r**3 - 28*r**2 + 30*r + 3. Calculate the remainder when 922 is divided by z(27).
82
Let a = 17541 + -17235. Calculate the remainder when 20193 is divided by a.
303
Let z(t) = t**3 + 8*t**2 - t - 9. Let n = 2947 + -2807. What is the remainder when n is divided by z(-7)?
46
Let t = 58 + -35. Suppose 7 = 5*o + q, 2*q - 3 = 1. What is the remainder when t is divided by o*9 + 111/(-37)?
5
Let d = -65 - -98. Let i = -10 + d. Suppose -4*k - 540 = -4*o, 540 = 4*o - k + 3*k. What is the remainder when o is divided by i?
20
Suppose 598 = d + 2*j - 1912, 2*j + 2542 = d. Calculate the remainder when d is divided by 33.
18
Let o(s) = 9*s - 74. Let u(d) = -4*d + 37. Let y(h) = -4*o(h) - 7*u(h). What is the remainder when 14 is divided by y(4)?
4
Suppose 0 = -19*i + 12*i + 35. Suppose -33 = -3*c - 3*s, i = -2*c + 3*c - 2*s. What is the remainder when (-7)/((-65)/(-26)*(-2)/10) is divided by c?
5
Calculate the remainder when 800 is divided by 52/(-12)*-38 - (-965)/(-579).
148
Let a(x) = -6*x. Suppose -196 = -4*g - 5*l + 85, 68 = g - l. What is the remainder when g is divided by a(-4)?
21
Suppose -21*t = -3*z - 17*t + 64, 52 = 3*z - t. Calculate the remainder when 9676 is divided by z.
12
What is the remainder when ((-7)/7 + 5)*(-3652)/(-16) is divided by 93?
76
What is the remainder when 6/(-183) - 27845916/(-11956) is divided by 22?
19
Suppose 14*y - 637 + 147 = 0. What is the remainder when 78 + 10/y + (-78)/(-21) is divided by 21?
19
Suppose -252 = -3*h - 4*o, 11*h - 14*h - 5*o = -252. Suppose y = 3*r + 28 - 304, r - 3*y - h = 0. What is the remainder when r is divided by 3